3*f = -5*b + 1413, -1411 = -5*b + 4*f. What is the hundreds digit of b?
2
Suppose 49 = -2*i + 4*s - s, 14 = -i + 5*s. Let g = i + 32. What is the units digit of g?
3
What is the units digit of (-3*48/(-45))/(1/30)?
6
Let y(f) = -f**3 + 15*f**2 + 18*f - 18. What is the hundreds digit of y(13)?
5
Let t be (0/1)/(3 + -4). Suppose t = -k + 8*k - 623. What is the units digit of k?
9
Suppose -1180 = -11*w + 9457. What is the hundreds digit of w?
9
Let u be (832/24)/((-1)/(-3)). Let a = -65 + u. What is the units digit of 44/52 - (-6)/a?
1
Let b = 348 + 3553. What is the tens digit of b?
0
Let w(u) = 5*u - 13. Let a be w(4). Suppose -a*s - 3*n = -2*s - 284, -s - 4*n = -67. What is the units digit of s?
5
Let m = -55 - -60. Suppose 0*k - 4*k = f - 519, -m*k + 4*f + 633 = 0. What is the tens digit of k?
2
Let o be 1/(-2) - (4 - (-68)/(-8)). Suppose 4*n + 92 = o*m - 8, -20 = 5*n. What is the tens digit of m?
2
Suppose -455 = 8*l - 4*l + 3*r, -5*r = 5. Let t = l + 177. What is the tens digit of t?
6
Let s = 338 - 12. What is the tens digit of s?
2
Let u be (-1)/(-3) - (-242)/(-33). Let b(p) = -2*p**3 + 3*p**2 - p + 2. Let t be b(2). Let h = t - u. What is the units digit of h?
3
Suppose -u - i - 6 = 0, -u = 2*u + 2*i + 14. Let h be 232/2 + (u - -6). Suppose -h = -9*b + 3*b. What is the tens digit of b?
2
Suppose 4*a - 5316 = -8*a. What is the hundreds digit of a?
4
Suppose 9*k = -240 + 4137. What is the hundreds digit of k?
4
Suppose 3*v + 2*z - 400 = 0, -5*z = 4*v - 449 - 75. What is the tens digit of v?
3
Suppose -3*m - 28 = 2. Let y = m - -10. Suppose -2*z + 27 = -b, -2*b = -y*b + 6. What is the units digit of z?
2
Let q(c) = -c**3 - 2*c**2 - c - 4. Let l be (-1 - 0)/((-7)/(-21)). Let a be q(l). Suppose 4*k = 48 - a. What is the tens digit of k?
1
Suppose -19*m = -15*m - 11816. What is the tens digit of m?
5
Suppose 0 = 3*g + 2*l - 2021, 2*l = -7*g + 11*g - 2704. What is the hundreds digit of g?
6
Suppose 4*f - 18 = -s - 0, 0 = 5*f - 20. Suppose 0*a = -s*a + 72. What is the units digit of a?
6
Let k(t) = 2*t**3 + 44*t**2 - 16*t + 48. What is the units digit of k(-21)?
6
Suppose 4*o - 1625 = -o. Suppose -3*l - 2*l + o = 0. What is the units digit of l?
5
Suppose -2*n + 2*t - t = -455, 3*t = -5*n + 1110. What is the units digit of n?
5
Let m(q) = 38*q**2 - 2*q - 2. Suppose 0 = 2*f - 2*k, -4*f + f - 3*k - 6 = 0. Let w be m(f). Suppose w = 3*d + 5. What is the units digit of d?
1
Let b(d) = d**3 - 5*d**2 - d + 4. Let q be b(5). Let y(m) = -45*m. Let p be y(q). Let u = p + -15. What is the units digit of u?
0
Suppose 3*c + 79 = 5*g, -c = 1 - 3. Let o(f) = 7*f**2 + 29*f - 31. Let r(j) = 3*j**2 + 15*j - 15. Let x(y) = -4*o(y) + 9*r(y). What is the tens digit of x(g)?
2
Suppose -3*w + 5*w = 4. Suppose -4*v + v = -4*u + 20, u - 5 = -w*v. What is the units digit of -2 + 108/4 - v?
5
Let p(i) = i**2 + 27*i - 14. Let j be p(15). Suppose -11*b + 2398 - j = 0. What is the tens digit of b?
6
Let n = -4 + 4. Let g = -17 + 24. Suppose -5*y + g*y - 12 = n. What is the units digit of y?
6
Suppose y - 2 = t - 9, 0 = -3*t - y + 5. Suppose b = -t - 0. What is the units digit of (-3)/(-3)*b - -48?
5
Suppose -3*d + 2*h = -1571, -3*d + 867 + 712 = -4*h. Suppose -5*c = -2*c + 2*a - d, 4*c - 693 = -3*a. What is the units digit of c?
7
What is the hundreds digit of (-75)/6*218*(1 + -2)?
7
Suppose 2*m = 3*j + 43, 0 = -j - 2*m - 7 - 10. What is the tens digit of (-5)/(-25) + (-1272)/j?
8
Let w = -35 - -33. What is the tens digit of (w - 26/(-10))/((-13)/(-325))?
1
Suppose -85262 = -38*x + 61950. What is the units digit of x?
4
Let v = 14 + 33. Let j = 79 - v. What is the tens digit of j?
3
Suppose 5*o - 21 - 24 = 0. Let z = o + 1. What is the units digit of (z/3)/((-2)/(-6))?
0
Let z = 12 - 38. What is the tens digit of -3*(z/1 - -3)?
6
What is the units digit of (-4)/(-18)*-1 - (-1260978)/1566?
5
Suppose 0*t + 6 = h + 2*t, 2*h - 5*t = -33. What is the tens digit of (-4)/(0 - h)*-83?
8
Suppose -1499 = -l - 4*t, 5*t - 718 - 6837 = -5*l. What is the tens digit of l?
1
Let n = 20 - 20. Suppose 0*w + 4*w = -l + 290, n = -w - 2*l + 69. Suppose t + 2*a - w = -a, -3*t - 2*a + 198 = 0. What is the tens digit of t?
6
Let s = -1152 + 1620. What is the units digit of s?
8
Let q = 614 - 217. Let x = q + -243. What is the tens digit of x?
5
Let x = -16 - 90. Let d = 162 + x. What is the units digit of d?
6
Suppose -3*l + 148 = -1649. What is the units digit of l?
9
Suppose -7*p = 276 - 339. What is the units digit of p?
9
Suppose f = 5*y - 9*y + 1695, 5*f - 2*y - 8431 = 0. What is the hundreds digit of f?
6
Suppose -3*x + 4*x = 55. Let o = x - 21. What is the tens digit of o?
3
Let y = 194 + -99. Let b = 29 + y. What is the tens digit of b?
2
Let x(g) = 20*g**2 - 3*g + 1. Let a be x(-5). Suppose s = -3*s + a. Suppose 5*c - 212 = -4*k, c - 3*k = 4*c - s. What is the tens digit of c?
4
Suppose -48*y = -102152 - 23944. What is the units digit of y?
7
Suppose -2*o = 454 - 406. Let j be 2 + (2 - 73) + 2. Let c = o - j. What is the tens digit of c?
4
Suppose 56*k - 4*i - 11204 = 52*k, 0 = k + 4*i - 2786. What is the thousands digit of k?
2
Let a(g) = -6*g + 2. Let h be a(2). Let y = -7 - h. Let f = 2 + y. What is the units digit of f?
5
Suppose -4*a + 5*h + 4 = -7, -3*h + 23 = 5*a. Suppose -4*p - a*k + 80 = 0, -2*p - 2*k = -6*k - 34. Suppose 2*v = v + p. What is the tens digit of v?
1
Let f = 4 + 0. Suppose -24*y + 2284 = -3476. Suppose -f*b = b - y. What is the units digit of b?
8
Suppose 0 = g + 5*r - 35, -r - 42 = -2*g - 4*r. Let i be 666*(-3 + g/6). What is the units digit of i/(-6) + (-4)/8?
5
Let r be -1 + 3 + 3 + -2. Suppose 0 = -4*a - 4*n + 256, -r*a + 35 = -5*n - 165. What is the tens digit of a?
6
What is the tens digit of 2 + (-3)/(18/(-2730))?
5
Let l(a) = 3*a**2 - 1. Let z be l(3). Let o = z + -16. What is the tens digit of o?
1
Let t = 7896 - 4738. What is the hundreds digit of t?
1
Let n(p) = -p**2 + p + 11. Let d be n(12). Let q = -69 - d. What is the tens digit of q?
5
Let b(n) = -8*n. Suppose 4*k + 15 = -z - 10, 5*k + 56 = -4*z. What is the tens digit of b(z)?
7
Let x = -9 + 26. Let k(l) = l**3 - 16*l**2 - 13*l - 1. What is the tens digit of k(x)?
6
Let y be 14/(-91) - (-9642)/(-26). Let u = -84 - y. What is the tens digit of u?
8
Let w be -2*3/(-12)*6. Let b(m) = m**3 + 2*m**2 - 5*m + 3. Let n be b(3). Suppose w = -z + n. What is the tens digit of z?
3
Let p = 32 - 27. Suppose 7*c - 75 = 2*c - p*w, -c - 3 = -5*w. Suppose -35*i + c = -33*i. What is the units digit of i?
6
Suppose 14731 = 21*x - 8369. What is the units digit of x?
0
Suppose 4*j - d = -3*d + 8, 5*j - 25 = 5*d. Suppose 561 = 5*a + l, -a - j*l + 56 = -59. What is the tens digit of a?
1
Suppose 5*q = -5*w - 25, w + 7 + 22 = 5*q. Suppose 5*k + 3*l - 49 = 21, -3*k + 42 = 3*l. Let r = k + w. What is the units digit of r?
5
Suppose 3 = -v, -22 = -0*t - 5*t - v. Suppose -16 - 4 = -t*r. Suppose 5*f + 2*p - 3*p - 149 = 0, 124 = 4*f + r*p. What is the units digit of f?
0
Let p be 1 + (3 - (-4 + 3)). Suppose 5*y - 55 = p*r, -r - 2 = 1. What is the units digit of y?
8
Let i = -24 - -27. What is the units digit of 39 - -4*(i + -4)?
5
What is the tens digit of 12580/119 + 2/7?
0
Suppose 758 = y - 4*z - 275, -3035 = -3*y - 4*z. What is the hundreds digit of y?
0
Suppose -4*m = 2*t - 6026, m - 864 = -3*t + 650. What is the hundreds digit of m?
5
Let v(j) = -4*j - 46 + 4*j**3 + 2*j**2 - j + 5*j**3. Let s(w) = 4*w**3 + w**2 - 2*w - 23. Let h(t) = -7*s(t) + 3*v(t). What is the tens digit of h(0)?
2
Let v = 32 - 18. Let p be -1*12/8*v. Let n = p + 35. What is the tens digit of n?
1
Suppose 4*c + 11 = -i, -3*c + 1 = -5*c + i. Let g be (-4 + c)/3 - -4. Suppose -p + 4 - g = 0. What is the units digit of p?
2
Let s = 308 + -47. What is the units digit of s?
1
Suppose -3*q - 3*p = -21, -2*q + 3 = 5*p + 4. Let j = q - 10. Suppose 0 = j*s - 1 - 1. What is the units digit of s?
1
Suppose -527 = -3*m + 286. What is the tens digit of m?
7
Let k = 41 + -80. Let j = 178 - 248. Let p = k - j. What is the units digit of p?
1
What is the hundreds digit of 28872/162 + (-2)/9?
1
Let f(c) = 3*c**3 - c**2 - c + 3. Let g be f(2). Let u be 108/g*(-21)/(-6). Suppose -u = -5*s - s. What is the units digit of s?
3
Let t = -1586 - -2494. What is the hundred